5
Suppose -2*i + 5*h + 155 = 0, -3*i + 4*h + 241 = -2. List the prime factors of i.
5, 17
Let o be (-1)/(((-15)/6)/5). What are the prime factors of -1*((o - 9) + 0)?
7
Suppose -5*w + 10*w - 250 = 0. Suppose -b + 25 = -s, -2*b = -0*s + s - w. What are the prime factors of b?
5
Suppose -f = 3*f - 40. Suppose 0 = 3*s - 4*c - 29, 0*c + f = -5*c. List the prime factors of s.
7
Suppose -59 = -3*v + 25. List the prime factors of v.
2, 7
Let v = -5 + 5. Suppose 5*g + v = 5. What are the prime factors of (-36)/(-20) + g/5?
2
Let z(w) = -w**3 - 8*w**2 - 10*w - 5. Let g(l) be the second derivative of -4*l**3/3 + l**2/2 - 4*l. Let r be g(1). List the prime factors of z(r).
2
Suppose 0 = -5*n + 15, j + 6*n = n + 25. What are the prime factors of j?
2, 5
Suppose 5 - 179 = -3*t. What are the prime factors of t?
2, 29
Let c(h) = h**2 + 6*h - 10. Let w be c(-7). Let r = w - -6. What are the prime factors of r?
3
Let y = -58 + 91. List the prime factors of y.
3, 11
Let l = 24 + -21. Suppose -6*f + l*f + 108 = 0. List the prime factors of f.
2, 3
Suppose -q - 1 = -5. Suppose -h + q = -4. What are the prime factors of h?
2
Let i(g) be the second derivative of -1/2*g**2 + 2*g + g**3 + 0. What are the prime factors of i(2)?
11
Let f(p) = p**3 - p + 17. What are the prime factors of f(0)?
17
Let u = 20 + -17. Suppose -4*r + 9 = -3*r + u*g, 0 = -3*r - 3*g + 57. List the prime factors of r.
2, 3
Let t be 10/4 + (-6)/(-12). Let i = 3 - 0. Suppose -3*s = 4*y - 28, -t*y + i + 7 = 5*s. List the prime factors of y.
2, 5
Suppose -10 = -2*a + 10. Suppose 159 = 5*r - p, -4*p - 166 = -5*r - a. List the prime factors of r.
2
Suppose -4*k + 5*v + 112 = 0, -5*k + 41 = -4*k + 2*v. Let q = k + -14. What are the prime factors of q?
19
Let h be 1 - 3/1*-2. Suppose w + 0 - h = 0. List the prime factors of w.
7
Let u = -7 - -9. Suppose 104 = 2*g + 2*g + u*p, 10 = -5*p. What are the prime factors of g?
3
Let w = 4 - 4. Suppose -5*l + 115 = -w*l. Suppose -4*h - 3 = -l. What are the prime factors of h?
5
Let o(u) = 24*u + 3. List the prime factors of o(4).
3, 11
Let w = -116 + 168. Suppose -26 = -4*o + 3*o + 4*q, 0 = -2*o - q + w. List the prime factors of o.
2, 13
Suppose -2*k - 4*t = k - 37, 4*k = -2*t + 46. Let b(d) = -d + 13. Let x be b(k). Suppose 67 = 4*w - 5*l, 3*w + 3*l - 36 = x*l. What are the prime factors of w?
13
Let o(u) = 2*u**2 + 3*u - 12. What are the prime factors of o(-9)?
3, 41
Let f = 67 + -20. List the prime factors of f.
47
Let f = 16 - -25. What are the prime factors of f?
41
Let y(z) = z**3 + 7*z**2 + 4*z - 7. Let t be y(-6). Suppose -n + 2*x = -10, -1 = n + t*x + 3. What are the prime factors of n?
2, 3
Suppose -5 = 2*o - 15. Let y be 2/(-8) - (-362)/8. Suppose y = -2*q + o*q. What are the prime factors of q?
3, 5
Let s(g) = 2*g**2 - 5*g + 7. Let q be s(5). Suppose -2*r + r = -q. What are the prime factors of r?
2
Let n(d) be the first derivative of -5*d - d**2 + 1/3*d**3 - 2. What are the prime factors of n(4)?
3
Suppose -2*q - 4*z = 2*q - 668, -3*z = 6. List the prime factors of q.
13
Suppose 0 = -5*o + 2*z + 11, -1 = 2*o - o - 2*z. Suppose -12 = -v - o*v. What are the prime factors of v?
3
Suppose 180 = 4*h - 0*h. Suppose 4*d - p = 79, 4*d - h = -2*p + 37. What are the prime factors of d?
2, 5
Suppose 71 = -2*b - 19. What are the prime factors of 1047/27 - 10/b?
3, 13
Suppose 2*u - 7*u = -35. Let o = -8 + u. What are the prime factors of -2 - -3 - (0 + o)?
2
Let a(f) = -f**2 + f + 10. Let w = -13 - -18. Suppose w*d = 5*y + 18 + 2, 5*d - 2*y - 8 = 0. What are the prime factors of a(d)?
2, 5
List the prime factors of 3 + (-9)/((-9)/10).
13
Let p = -7 + 61. What are the prime factors of p?
2, 3
Suppose -13 = -p - 11. Let r = 22 - p. What are the prime factors of r?
2, 5
Suppose 3*w = m + 4*m + 10, 24 = 5*w - m. Let g = 20 - w. What are the prime factors of g?
3, 5
Suppose 2*w = 6*w + 20. Let m be (-4 - w)/(2/2). List the prime factors of 1*(m - 1) - -6.
2, 3
Suppose 5*c - 112 = -2*a - 0*a, 2*a - 2 = 0. What are the prime factors of (-8)/44 + 114/c?
5
Let d = -25 + 40. What are the prime factors of d?
3, 5
Let x = 26 - 15. Let k(v) = -v**2 + 10*v + 26. What are the prime factors of k(x)?
3, 5
Let r = -9 + 21. Let x be 41/6 + 2/r. Suppose 4*w - 8 = -4*u, 2*u - 4*w - x = 27. List the prime factors of u.
7
What are the prime factors of (-8)/28 - 422/(-7)?
2, 3, 5
Suppose -3*y = 2*y - 60. Let b = -8 + y. What are the prime factors of -1*b*(-20)/16?
5
Let k be (2 - 0) + (4 - 0). List the prime factors of (9/(-4))/(k/(-16)).
2, 3
Let r(b) = 6 + 4*b + 2*b - 5*b. Suppose -3*x + 4*o - 13 = 0, 4*x - 6*o + 16 = -2*o. What are the prime factors of r(x)?
3
Let b(g) = -g**3 - 5*g**2 + 5*g - 5. Let s be b(-6). Let t = s + 4. Suppose -d + 2*d - t = 0. List the prime factors of d.
5
Let l(t) = -3*t - 3. Let i be l(-2). Let y be i + (-1 - 6/3). Suppose 3*c + 3*f = 12, y = f - 2*f. List the prime factors of c.
2
Let a(n) = 29*n**3 - 2*n**2 + n. What are the prime factors of a(1)?
2, 7
Let r(i) = i**2 + 5*i + 2. Let p be r(-5). Let a = 7 - p. What are the prime factors of a?
5
Suppose 0*p = -p + 12. Suppose -r - 3*r = -p. What are the prime factors of (-52)/(-4) + (r - 1)?
3, 5
Let w(m) = 78*m. Let h be w(1). Let s = h - 51. What are the prime factors of s?
3
Let f(h) = h + 2. Let t be f(-3). Let r be t - -3*12/9. Suppose 5*z - 15 = r*g, -5*g = -0*z + 2*z - 6. List the prime factors of z.
3
Suppose 0 = 18*i - 20*i + 182. What are the prime factors of i?
7, 13
Let h(o) = o**2 - 5*o + 9. Let n be h(6). What are the prime factors of ((-35)/n)/((-2)/6)?
7
Suppose 192 = h + 3*h. Suppose 6*k - 2*k - h = 0. What are the prime factors of k?
2, 3
Suppose 5*s + 2*w - 330 = s, -4*w - 432 = -5*s. List the prime factors of s.
2, 3, 7
Let h(o) = o + 12. List the prime factors of h(6).
2, 3
Suppose -2*m = -0*l + 2*l - 158, 0 = -l - 5*m + 99. List the prime factors of l.
2, 37
Let g = 11 - 14. Let t be (-2)/(-2*g/123). Let d = -24 - t. What are the prime factors of d?
17
Suppose -3 = -4*q + 5. Suppose -2*v = q*v - 16. What are the prime factors of v?
2
Let l = 252 + -125. List the prime factors of l.
127
Let z = 10 - 14. Suppose -30 = -n - 4*n. Let m = z + n. List the prime factors of m.
2
Suppose -p + 1 = -1. Let v be 3/(-3 + p - -2). Let g = 4 + v. What are the prime factors of g?
7
Suppose 3*m = -5*n - 8, -4*n - m - 13 + 1 = 0. Let o = n + 4. Suppose 0 = -3*h - o*h + 36. List the prime factors of h.
2, 3
Let b = 13 + -8. Suppose -b*l + 15 = 5*y, 5*l - y + 7 = 4*l. Let c(m) = -2*m - 1. List the prime factors of c(l).
3
Let s(y) be the third derivative of 4*y**2 + 1/24*y**4 + 13/6*y**3 + 0 + 1/6*y**5 + 1/120*y**6 + 0*y. List the prime factors of s(-10).
3
Suppose 6 = -o + 3*o, 4*o - 16 = 4*g. What are the prime factors of 9 + g/((-1)/3)?
2, 3
Suppose 3*x = -3*q + x + 314, 5*x + 241 = 2*q. What are the prime factors of q?
2, 3
Let j(v) = -v**2 - 6*v + 7. Let o be j(-7). Suppose 4*r - 28 = 4*y, -y - 1 + o = r. List the prime factors of r.
3
Let k(y) = y**3 - y**2 - 20*y - 11. List the prime factors of k(7).
11, 13
Let o be -2*(-3)/12*2. Let s be (o/(-3))/((-5)/45). Suppose -s*d - b + 11 = 0, 0 = d - 5*d - 2*b + 18. What are the prime factors of d?
2
Let n(b) = 35*b - 13. What are the prime factors of n(6)?
197
Let r = 20 - 30. What are the prime factors of 2 - (r + -1) - -3?
2
List the prime factors of -3*(-4)/(-30) + 1834/10.
3, 61
Let s(w) = -w**3 - 4*w**2 - 4*w + 1. Let j be s(-3). Suppose j*t - 40 = -5*b + 6, -t + 5*b = 1. List the prime factors of t.
3
Let y = 85 - 60. List the prime factors of y.
5
Suppose 0 = -0*t - 4*t + 80. What are the prime factors of t?
2, 5
Let u be 3/((-1)/4 + 1). Let p = u + -2. List the prime factors of p.
2
Suppose -156 - 21 = -3*z. List the prime factors of z.
59
Let g = -7 + 10. Suppose -4*z + 5*j - 2*j = 5, 4*z + 11 = -g*j. Let o(f) = -4*f - 2. What are the prime factors of o(z)?
2, 3
Let y = 24 + 31. What are the prime factors of y?
5, 11
Let b(o) = o**3 + 9*o**2 - 21*o + 13. List the prime factors of b(-10).
3, 41
Let y(t) = t**3 - 4*t**2 + 5*t - 4. Let z be y(3). Let a be z*(0 - 38/4). Let p = -10 - a. List the prime factors of p.
3
Suppose 0 = 2*p - 4*w - 2, -4*p + 8 + 3 = -w. Suppose p*t - 240 = -t. Suppose z + 3*z - t = 0. What are the prime factors of 